
Convert -12 (base 7) to base 12.
-9
-30 (base 11) to base 4
-201
Convert -112102 (base 3) to base 7.
-1064
Convert -2 (base 9) to base 6.
-2
Convert 10100110 (base 2) to base 5.
1131
What is 13 (base 4) in base 3?
21
Convert 521 (base 7) to base 14.
148
416 (base 9) to base 5
2324
19 (base 11) to base 14
16
Convert -1a (base 11) to base 5.
-41
What is -4 (base 15) in base 9?
-4
What is -4b (base 13) in base 4?
-333
Convert 21 (base 6) to base 2.
1101
-11 (base 3) to base 4
-10
What is -4 (base 13) in base 4?
-10
-15 (base 13) to base 9
-20
What is -1010 (base 2) in base 3?
-101
Convert -1 (base 4) to base 15.
-1
-212 (base 7) to base 14
-79
Convert 2 (base 4) to base 8.
2
Convert 253 (base 10) to base 15.
11d
Convert -4 (base 8) to base 14.
-4
-2 (base 4) to base 11
-2
What is -15 (base 13) in base 6?
-30
What is -10030 (base 4) in base 6?
-1124
Convert 29 (base 13) to base 16.
23
Convert -96 (base 13) to base 9.
-146
-2 (base 8) to base 11
-2
-2 (base 7) to base 5
-2
What is 2 (base 12) in base 13?
2
55 (base 16) to base 2
1010101
Convert 52 (base 13) to base 9.
74
Convert -b (base 15) to base 14.
-b
-1 (base 12) to base 16
-1
What is 6 (base 13) in base 8?
6
What is -1 (base 12) in base 4?
-1
-4 (base 12) to base 13
-4
-b (base 12) to base 5
-21
What is 6 (base 12) in base 7?
6
What is -2 (base 7) in base 4?
-2
What is -2 (base 10) in base 8?
-2
7 (base 8) to base 9
7
Convert 24 (base 16) to base 11.
33
What is 4 (base 11) in base 12?
4
-9 (base 16) to base 13
-9
What is 10010 (base 2) in base 12?
16
-14 (base 13) to base 11
-16
20 (base 4) to base 3
22
What is -2 (base 7) in base 9?
-2
Convert 8 (base 9) to base 14.
8
-1 (base 7) to base 2
-1
-10 (base 2) to base 16
-2
-2 (base 12) to base 7
-2
Convert -6 (base 10) to base 3.
-20
What is 66 (base 7) in base 11?
44
Convert -1 (base 9) to base 7.
-1
89 (base 10) to base 7
155
What is -423 (base 5) in base 16?
-71
Convert -3 (base 15) to base 5.
-3
What is 1010 (base 2) in base 9?
11
-2 (base 12) to base 7
-2
What is -330 (base 5) in base 9?
-110
Convert 182 (base 9) to base 13.
bc
2220 (base 5) to base 2
100110110
What is -3 (base 5) in base 15?
-3
What is 2 (base 9) in base 16?
2
5 (base 7) to base 16
5
104 (base 10) to base 6
252
Convert -5 (base 6) to base 8.
-5
What is -26 (base 7) in base 6?
-32
Convert -7b (base 16) to base 2.
-1111011
6 (base 15) to base 5
11
What is -10011 (base 3) in base 4?
-1111
What is 1101001 (base 2) in base 4?
1221
Convert -1010100 (base 2) to base 6.
-220
-1 (base 15) to base 5
-1
Convert -1d (base 14) to base 6.
-43
What is -12 (base 7) in base 12?
-9
Convert -13 (base 4) to base 11.
-7
What is -3 (base 9) in base 2?
-11
3 (base 6) to base 5
3
What is 52 (base 9) in base 11?
43
112 (base 6) to base 11
40
Convert 142 (base 5) to base 10.
47
Convert 12 (base 5) to base 13.
7
Convert 1 (base 2) to base 13.
1
What is -27 (base 11) in base 10?
-29
Convert -7 (base 8) to base 10.
-7
Convert 22 (base 8) to base 10.
18
What is 14 (base 9) in base 15?
d
What is -7 (base 14) in base 3?
-21
What is -5 (base 13) in base 3?
-12
Convert -1 (base 5) to base 4.
-1
What is 12 (base 14) in base 5?
31
2 (base 12) to base 3
2
Convert e (base 16) to base 7.
20
-1101 (base 2) to base 7
-16
Convert -110 (base 2) to base 14.
-6
What is 1201 (base 3) in base 7?
64
-100 (base 6) to base 4
-210
Convert -37 (base 10) to base 13.
-2b
5 (base 7) to base 13
5
What is 22 (base 3) in base 6?
12
What is 0 (base 14) in base 3?
0
Convert -3 (base 4) to base 5.
-3
Convert 9b (base 12) to base 14.
87
Convert 1 (base 7) to base 4.
1
Convert -21 (base 4) to base 2.
-1001
Convert -1 (base 16) to base 14.
-1
-10 (base 7) to base 12
-7
Convert -132 (base 5) to base 3.
-1120
Convert -1 (base 12) to base 5.
-1
-102 (base 3) to base 4
-23
4 (base 16) to base 5
4
21 (base 10) to base 13
18
What is -12 (base 13) in base 4?
-33
What is 1 (base 6) in base 7?
1
What is 3 (base 4) in base 13?
3
What is 74 (base 14) in base 10?
102
Convert -3 (base 7) to base 5.
-3
What is 1 (base 15) in base 5?
1
Convert -2 (base 12) to base 4.
-2
What is d (base 16) in base 15?
d
Convert 2 (base 10) to base 6.
2
Convert 1400 (base 5) to base 15.
100
What is -10222 (base 3) in base 4?
-1223
Convert 9a (base 11) to base 14.
7b
-1b5 (base 12) to base 6
-1145
Convert 26 (base 10) to base 12.
22
Convert b (base 16) to base 10.
11
Convert 6 (base 14) to base 2.
110
Convert 131 (base 5) to base 3.
1112
Convert -110 (base 3) to base 4.
-30
Convert -33 (base 10) to base 11.
-30
-b5 (base 12) to base 6
-345
10 (base 13) to base 15
d
-110 (base 2) to base 14
-6
4 (base 15) to base 9
4
What is 4a (base 14) in base 16?
42
What is 9 (base 13) in base 2?
1001
Convert -1 (base 12) to base 4.
-1
Convert -10 (base 3) to base 14.
-3
What is 58 (base 14) in base 12?
66
125 (base 16) to base 8
445
Convert 44 (base 8) to base 4.
210
What is -100 (base 3) in base 13?
-9
Convert -b (base 15) to base 14.
-b
104 (base 15) to base 10
229
What is -110 (base 2) in base 15?
-6
Convert 2 (base 8) to base 9.
2
What is -d (base 14) in base 11?
-12
321 (base 4) to base 16
39
Convert -b (base 15) to base 3.
-102
108 (base 16) to base 3
100210
-5 (base 12) to base 13
-5
What is 36 (base 8) in base 16?
1e
10020 (base 3) to base 15
5c
Convert 7 (base 9) to base 10.
7
-11100 (base 2) to base 7
-40
What is -16 (base 9) in base 15?
-10
What is -220 (base 3) in base 12?
-20
Convert 3 (base 4) to base 15.
3
What is 6 (base 13) in base 2?
110
Convert 11 (base 10) to base 4.
23
Convert -56 (base 14) to base 10.
-76
What is 3 (base 13) in base 6?
3
-483 (base 9) to base 11
-333
What is a (base 15) in base 8?
12
Convert 11 (base 6) to base 10.
7
453 (base 9) to base 14
1c8
Convert 1 (base 16) to base 4.
1
Convert -5 (base 7) to base 16.
-5
What is -11010111 (base 2) in base 8?
-327
Convert -30 (base 5) to base 16.
-f
Convert -4 (base 16) to base 14.
-4
Convert -1 (base 7) to base 12.
-1
Convert 0 (base 4) to base 9.
0
What is -4 (base 6) in base 7?
-4
20 (base 3) to base 5
11
What is 2 (base 14) in base 15?
2
Convert 42 (base 15) to base 6.
142
-26 (base 12) to base 8
-36
Convert 12 (base 7) to base 15.
9
0 (base 13) to base 16
0
Convert 2 (base 8) to base 4.
2
Convert 1 (base 11) to base 7.
1
What is -31 (base 16) in base 8?
-61
Convert -4 (base 10) to base 11.
-4
Convert 38 (base 14) to base 10.
50
-4 (base 5) to base 2
-100
Convert 26 (base 8) to base 16.
16
What is -6 (base 13) in base 9?
-6
-212 (base 3) to base 9
-25
What is -10110 (base 2) in base 8?
-26
What is -13 (base 16) in base 8?
-23
100010 (base 2) to base 15
24
Convert -13 (base 4) to base 6.
-11
What is 1 (base 12) in base 5?
1
Convert 10 (base 3) to base 10.
3
What is 23 (base 11) in base 14?
1b
Convert -10 (base 13) to base 4.
-31
Convert 111 (base 2) to base 8.
7
What is -5 (base 9) in base 7?
-5
-212 (base 3) to base 16
-17
-112 (base 3) to base 7
-20
What is 99 (base 10) in base 8?
143
-4 (base 9) to base 4
-10
-a (base 15) to base 6
-14
Convert -2 (base 9) to base 13.
-2
1 (base 13) to base 10
1
7 (base 9) to base 2
111
Convert 230 (base 7) to base 6.
315
What is 29 (base 11) in base 2?
11111
-15 (base 11) to base 15
-11
4 (base 13) to base 3
11
What is -8 (base 14) in base 15?
-8
-1010101 (base 2) to base 5
-320
-8 (base 10) to base 11
-8
Convert -201 (base 3) to base 6.
-31
What is -11 (base 12) in base 3?
-111
What is 40 (base 7) in base 3?
1001
What is -1c (base 16) in base 10?
-28
-31 (base 7) to base 8
-26
What is 0 (base 2) in base 8?
0
4 (base 11) to base 10
4
What is b (base 13) in base 9?
12
-14 (base 11) to base 14
-11
What is 0 (base 2) in base 9?
0
What is 13 (base 4) in base 2?
111
-6 (base 16) to base 15
-6
Convert 13 (base 5) to base 10.
8
What is -2 (base 6) in base 5?
-2
What is 0 (base 9) in base 2?
0
Convert 3 (base 7) to base 10.
3
What is 3 (base 9) in base 13?
3
3 (base 14) to base 5
3
0 (base 8) to base 6
0
What is 145 (base 6) in base 14?
49
-173 (base 9) to base 2
-10010011
What is -3b (base 16) in base 8?
-73
Convert 2 (base 7) to base 14.
2
-5 (base 16) to base 13
-5
3 (base 4) to base 14
3
What is 71 (base 14) in base 3?
10200
What is 335 (base 9) in base 4?
10103
Convert 101 (base 5) to base 12.
22
What is -15 (base 6) in base 2?
-1011
Convert 9 (base 16) to base 